te 28 + -5 + (-53 - -76).
46
What is the value of (142 - 148) + (1 - (-36 + 1 - 3)) - 6?
27
Calculate -96 - -114 - (-14 - 3).
35
Calculate -36 - -98 - 40 - 22.
0
Calculate (1 + -11 - 1) + -72 + (11 - -4).
-68
Calculate 3 + -3 + (-24 - (-2 + -32) - (1 - 65)).
74
What is 66 - 30 - 26 - -13?
23
Evaluate -65 + (0 - -1) + -127 + (-54 - -194) + -3.
-54
Calculate 9 + 102 + -145 - -5.
-29
What is (2 - (31 + -14)) + (196 - 137)?
44
Calculate (28 - -5 - 43) + (-5 + 3 - -1).
-11
Evaluate (4 + 9 - 16 - -8) + -6 + -28.
-29
What is -19 - ((2 - -97) + -56 + 52 - 3)?
-111
Calculate 59 + (-11 - (112 - 43)).
-21
34 - (-32 + (32 - (21 - 6)))
49
5 + -14 + 59 - (-5 + 11 + 7)
37
What is the value of -41 - ((-31 - -25) + -36)?
1
(-4 - 12 - 10) + 34
8
Calculate -80 + 20 + -81 - -235.
94
-149 + 90 + 44 + 138
123
What is 1 + 61 + -116 + 124?
70
15 - (11 + -6 + 3 + -18 - -8)
17
Evaluate (-4 - (-3 - (-4 - 34))) + (15 - 20 - -12).
-32
Evaluate -16 + 5 + (-13 - -11) + 4 + -8.
-17
(59 - 62 - (30 - (-1 + -2) - -3)) + -5
-44
Evaluate -96 + 6 + (-17 - (-21 + 9 - 12)).
-83
Calculate -67 - -1 - (-124 + 72 + 45).
-59
Evaluate ((9 - -3) + -5 - -6) + -111.
-98
What is the value of 9 - 11 - 113 - -37?
-78
Evaluate -28 - (0 - -2 - (158 - 196)).
-68
What is 70 - 134 - -83 - -22?
41
What is the value of (9 - -35) + (17 - 5) - (0 + -8) - -8?
72
Evaluate (12 + 16 - 14) + -112 + (9 - 0).
-89
87 - 2 - (-692 + 719)
58
What is the value of 5 + -62 + (-12 - -42)?
-27
24 + -12 + (23 - 17) - -9
27
What is the value of -24 - -24 - 20 - -13 - 78?
-85
What is the value of -7 + 7 - 8 - (28 - -6 - (-5 + -3))?
-50
What is the value of -38 - (44 - (49 - -57))?
24
Calculate 18 + -6 + 2 + -19 + -35.
-40
(-35 - 12) + -6 + 46
-7
Evaluate (20 - 12) + (-3 - 5 - (4 + 47)).
-51
Calculate -30 - (31 - (-47 + 33 + 43)).
-32
Evaluate -35 + 64 - (13 - (-8 - -2)).
10
What is 9 + 2 + 1 - (243 - 235) - (7 + -3)?
0
40 - (-26 + 59 + -18)
25
Calculate (190 - 224) + 1 + 6.
-27
What is -98 + 90 - ((2 - 0) + 9 + 2)?
-21
(9 + 0 - (-70 - -51)) + -44
-16
What is the value of -27 + (17 - -13 - -21)?
24
What is the value of 16 + -1 + -34 - (22 - 0)?
-41
(4 - (13 - (0 - 4))) + -67 + 151
71
Calculate -128 + 136 + (1 - 50 - (-19 - -17)).
-39
60 + -4 + (-6 - 13 - -17) + -8
46
Evaluate 12 + 75 + -1 + (-4 - (0 + -12)).
94
(-15 - (1 + 35 + -24)) + 18
-9
Calculate -110 + 105 - ((11 - (12 + -5)) + (18 - 11)).
-16
Evaluate 1 + (-19 - (55 - 51)).
-22
Evaluate -10 + (39 - (-1 + 8 - -12 - 11)).
21
(34 - (-23 + 30) - 32) + (-2 - 53)
-60
What is (64 + 0 - (8 - 3)) + 2 - (-8 - -17)?
52
14 + 0 + (77 - 4) + -88
-1
47 + -37 - (-10 - -14 - 17)
23
What is the value of 143 + -129 - (2 - 0 - 2) - -30?
44
What is the value of -53 + (5 - (3 + -2 + 2)) + 7 + 0?
-44
What is (0 - 2 - -7) + (-55 - 18 - -13) + 7?
-48
What is the value of 48 + -150 + 125 + -68?
-45
What is the value of 21 + -30 + (-26 - 6 - -21)?
-20
(10 - (-4 - -30)) + 4 + -8
-20
29 - ((64 - 16) + -83)
64
Calculate 9 - -20 - 15 - (-11 + 36).
-11
Calculate -70 + 19 + (-19 - (-37 + 7)).
-40
Evaluate -4 + (-2 - (-6 - -9)) + -7 + 6 + 86.
76
What is -98 + 93 + (-5 - (-7 + -4) - 115) - 7?
-121
Calculate -63 - (184 - 39 - 300).
92
Evaluate -2 - (8 + 29 + (-8 - -23)).
-54
Calculate -126 + 182 + -91 + 16.
-19
What is (8 - 2) + (16 + 0 - 7) + -12 + 32?
35
What is 11 + (-111 - -122) + (-2 - -1) + 0?
21
What is -4 + (-15 - (26 + -53))?
8
Calculate -5 + 2 - (-4915 - -4817).
95
Calculate (1 + 16 + -4 - (-26 - -45)) + -17.
-23
What is 1 + (-4 + 1 - (-84 + 57))?
25
What is the value of (112 - 292 - -111) + 104?
35
Calculate 15 - 5 - ((-49 - -61) + (98 - 8 - 5)).
-87
What is -101 + (-98 + -7 - -97)?
-109
What is the value of 8 - (-6 + 0 + 1 + -12 + 5)?
20
What is 15 - (-3 + (21 - (-4 + 4))) - -19?
16
What is the value of -70 - (43 + -13 + -15 - 22)?
-63
What is 19 + -2 + (-4 - (9 - 10)) - 119?
-105
Calculate (-55 - -52) + 41 + -53.
-15
Evaluate (-20 - 0 - (79 - (189 - 89))) + 73.
74
What is (-1165 - -1077) + (2 - -46)?
-40
Evaluate 2 + 7 + -29 + 9 + 9 + 85 + -17.
66
Calculate 4 + 94 + -100 - (0 - 35).
33
-8 - ((-3 - 10) + (-1 + 1 - -55))
-50
What is the value of 0 - -69 - (16290 + -16193)?
-28
What is -47 - -1 - (-2467 + 2433)?
-12
What is -2 + 15 + 1 + 2 + (-986 - -985) + -13?
2
1 + (3 - 34 - 2) + 16 + -22 + 2
-36
What is -19 + (-50 - (22 - 29 - 15))?
-47
Calculate -2 - 9 - ((7 - (1 - -4)) + -9).
-4
63 - ((1 - -12) + 0 - ((-50 - -91) + -37))
54
Calculate 4 - (26 + (-8 - 61)).
47
What is the value of 2 + -32 + (-2457 - -2529)?
42
What is -45 + (27 - 8) - 6 - (9 - 1)?
-40
What is 12 - -55 - 27 - 109?
-69
What is -104 - 1 - ((20 - 27) + 11 - (-3 + 19))?
-93
What is the value of (7 - (1 - -2)) + 0 - (-13 - (21 - 34))?
4
What is the value of (-3696 - -3667) + -7 + 7 + (22 - 1)?
-8
What is the value of 25 + -11 - ((5 + -11 - 7) + -28) - 11?
44
-3 + 164 + -189 + 8 + 4 - (2 - 13)
-5
Calculate 3 + (-61 - -23) + 16 + 4.
-15
What is the value of (-5 + 4 - 10) + 5 + (-1 - -34)?
27
What is the value of 168 + (22 - (2 + 92) - -24)?
120
What is -76 + (7 - (-9 + (16 - 11) + 0) - 4)?
-69
13 - (-7 - (4 - -2 - 24) - -32)
-30
Evaluate (-36 - -13) + 67 + (-1 - -8 - 17).
34
Evaluate 23 - (22 + 20 + -18 - 21).
20
(-8 - -4) + 1 + 25 + -29 + 40
33
-50 + -51 + -9 + -9 + 16 + -18
-121
What is the value of -10 + 38 + -25 + (9 - 0)?
12
(14 - (-4 - (-4 - 28))) + 28 + -37
-23
((-1 - 3) + 0 - (9 - 6)) + (-753 - -721)
-39
What is (-9 - (8 - 12)) + 4 + 8 + 3?
10
Calculate -62 - (57 - 109) - -9.
-1
Evaluate 7 + 0 + (4 + 31 - 53) + 23.
12
Calculate -26 + 33 - (1 - (4 - -5)).
15
Calculate 98 + -101 + 8 + (38 - 3 - 8).
32
What is the value of (0 - 2) + -1 - (-38 - (-31 + -7)) - 4?
-7
Calculate 27 + 15 + -30 + -4 - ((1 - 1) + -34).
42
(3 - (119 - 60)) + 4 + -1
-53
Evaluate -7 + 72 + -1 - (65 + -47).
46
Evaluate 11 + -6 + 7 + -18 + 16 - (0 - -102).
-92
What is the value of -60 - (-48 - (-35 - -36)) - -46?
35
Calculate (-124 - -99) + -86 + -9.
-120
Calculate 46 + -106 + 53 - -6.
-1
What is the value of -2 + 16 - (-12 + 15) - 7 - (-12 + 9)?
7
Calculate (1 + -4 - (3 - 8)) + (-13 - (-7 + -11)).
7
What is -10 - 0 - -3 - (-121 - (-162 + 88))?
40
Calculate 36 + (-68 - -38) - 39.
-33
What is -131 - (-28 - (0 + -40 + 49))?
-94
Calculate 1 - 22 - (-8 - (-21 - -5 - 1) - 11).
-19
Evaluate 18 - 41 - (-155 + (22 - -9)).
101
175 - 28 - (2 - -19) - (15 + -15)
126
20 - (30 + -27) - 44
-27
972 - 1004 - (11 + -1 + (-3 - -4))
-43
Calculate 151 + -7 - (2037 + -1993).
100
Calculate -36 + (47 - (-88 + 128)).
-29
Calculate -3 - (1 + 40 + -6) - (-5 - (1 - 6)).
-38
Evaluate 38 - 32 - -45 - 60.
-9
What is 65 + -1 + -10 + -82?
-28
Evaluate 85 + -67 + 36 - -10.
64
What is the value of (-27 + 37 - -52) + (6 - 21)?
47
What is -68 - ((5 - 15) + 16 - (12 + -13 + 13))?
-62
6 + 2 + -17 + -16 + 8 + -3
-20
Evaluate (23 - 60 - -32) + 6.
1
What is 832 - 788 - (50 - 0)?
-6
What is -25 - (-47 - (-22 + 2))?
2
14 + 47 + -11 + -10 + -138
-98
Evaluate -26 + (0 - -1) - (-299 - -315).
-41
Evaluate 64 - (-76 - -242) - -125.
23
Calculate -7 + 26 + -58 + 82.
43
What is the value of -2 + (1 + -31 - (-340 - -386))?
-78
0 + (-4 + -6 - -6) + -4 + (17 - 0)
9
What is (-1804 - -1755) + (-1 - -75)?
25
22 + (-36 + (3 - -10) - (77 - 18))
-60
-20 + (-3 - -5 - (247 - 262))
-3
What is -2 - -7 - ((12 - (13 + 2) - -52) + 4)?
-48
What is 9 + 52 + 78 + -96?
43
1 + -24 - -18 - 6 - -3
-8
What is 7 + (114 - (30 - 4))?
95
What is the value of -2 + 24 + -4 + -8?
10
123 + -77 - (40 + 1 - 21)
26
-67 + 11 - 53 - -41
-68
What is the value of (-29 - 52) + -27 + 3 + (12 - 1)?
-94
What is the value of (-10 - -8) + (-16 - (-5 + -48))?
35
32 + (-3 - (-2 - -8) - (14 + -20))
29
Evaluate 140 + (-154 - (99 + -137)).
24
What is 69 + 0 + (-9730 - -9728)?
67
What is -178 + (96 - 1) - -154?
71
What is -30 - 6 - (1801 - 1820)?
-17
1 + -19 + (13 - 8)
-13
What is the value of -25 + -1 + -3 + 4 + (25 - 35) + 7?
-28
What is the value of -8 + (21 - (5 + (6 - 3) - (17 + -17)))?
5
What is (-6 - -6) + 3 - (-28 - 3 - 16) - 10?
40
Calculate -14 - (-196 - (49 - 103)).
128
What is the value of -10 + (9 - (0 - 5 - (11 + 4)))?
19
What is -3477 + 3522 + (-53 - 1)?
-9
What is (116 - (86 - 43)) + -33?
40
Evaluate 6 - 87 - (250 - 371).
40
Calculate -66 - (-14 + (-11 - (0 + -12)) + -6 + 9).
-56
What is 96 - (9 - (10 - (-6 - (3 + -13)) - 7))?
86
Wh